ided by j(-5)?
5
Suppose 3*x - 2*u - 91 = 0, 36 + 53 = 3*x - u. What is the remainder when x is divided by 5?
4
Let r = -1155 + 1280. What is the remainder when r is divided by 49?
27
Let y(a) = a**3 - a**2 - 4*a - 2. Let s be y(4). Let l = -20 + s. Calculate the remainder when l is divided by 3.
1
Let l(x) = -x - 3. Let q be l(-6). Suppose 0 = q*p + 19 - 43. Calculate the remainder when 28 is divided by p.
4
Suppose -11*j = -706 + 233. Let u(r) = 7*r + 1. Calculate the remainder when j is divided by u(2).
13
Let f be (-7 + 10)/((-6)/4). Calculate the remainder when 43 is divided by (2/(-4))/(f/60).
13
Suppose -5*g + 3*x - 202 = 23, -x - 149 = 3*g. What is the remainder when (g/(-40))/((-6)/(-160)) is divided by 11?
10
Let u(h) = h**3 - 32*h**2 + 31*h + 7. Let x = 5 - 2. What is the remainder when u(31) is divided by x?
1
Suppose -64 = -4*t - 48. Suppose 4*s = -0*q + 2*q, s = -5*q. Suppose s = -5*x + 2*y + 223, -1 + 17 = -t*y. What is the remainder when x is divided by 15?
13
Let c(i) = 2*i**2 + 8*i - 4. Let v be 2/((-13)/3 + 4). What is the remainder when c(v) is divided by 7?
6
Let x(y) = -y**3 - 23*y**2 - 128*y - 8. Calculate the remainder when 145 is divided by x(-9).
5
Let t(q) = 18*q**3 - 3*q**2 + q + 1. Suppose -1 = -a - 0. What is the remainder when 44 is divided by t(a)?
10
Let z = 1265 - 1251. What is the remainder when 1089 is divided by z?
11
Let y = 31 - 20. Suppose -c - 28 = -69. Calculate the remainder when c is divided by y.
8
Let m be (5 - (-12)/(-3)) + 3. Suppose -m*t + 5*a = 10, 0 = -3*a + 4*a - 2. What is the remainder when (-3 + t)*(-42)/7 is divided by 5?
3
Let p = 76 - 54. Let d be (4/22)/(-1) + 26/22. Calculate the remainder when (-2 + 21)*2 - -1*d is divided by p.
17
Suppose 20*h - 151 = 129. Suppose -5*x + 2*z + 32 = 0, -5*x + z = -21 - 10. What is the remainder when h is divided by x?
2
Let l(j) = j**3 + 13 - 9*j**2 + 6*j**2 + 8*j + 9*j**2. Let h(m) = 4*m - 3. What is the remainder when l(-4) is divided by h(2)?
3
Let w(g) = -g + 5. Let z(n) = -n**3 - 5*n**2 + 6*n + 6. Let o be z(-6). Let a be w(o). What is the remainder when (11/(-2))/(a/2) is divided by 3?
2
Let j(f) be the second derivative of 7*f**4/12 - f**3/6 + 2*f**2 + f. What is the remainder when j(-3) is divided by 18?
16
Let b(a) = 2*a**2 + 43*a + 273. Calculate the remainder when 345 is divided by b(-7).
65
Let z = 153 + -98. What is the remainder when 436 is divided by z?
51
Let q(b) be the third derivative of -b**6/120 - b**5/12 + b**4/4 + 4*b**3/3 + 13*b**2. Calculate the remainder when 23 is divided by q(-6).
7
Let k = 2024 - 1958. Calculate the remainder when 345 is divided by k.
15
Let p = 267 + -236. What is the remainder when p is divided by 19?
12
Let j = 172 + -95. Let g = j + -40. Calculate the remainder when 69 is divided by g.
32
Let m(r) = -r**2 - r - 1. Let x(o) = -5*o**2 + 4. Let v(s) = 3*m(s) - x(s). Let h be v(-5). Let l = h + -27. What is the remainder when l is divided by 11?
9
Suppose 0 = 10*q - 1533 + 513. Calculate the remainder when 111 is divided by q.
9
Suppose -4*g + 7*d + 61 = 8*d, -4*d = 5*g - 90. Calculate the remainder when 51 is divided by g.
9
Let i = 102 - 41. Let p = i + -53. Calculate the remainder when 36 is divided by p.
4
Let q(y) = -9*y + 4. Let g = -13 - -8. Calculate the remainder when q(g) is divided by (-13)/(-2 + (0 - -1)).
10
Let f(i) = i - 16. Let q(w) = w - 1. Let d(h) = -f(h) - 2*q(h). Calculate the remainder when 12 is divided by d(5).
0
Suppose -4*v = -2*i - 7 - 3, 1 = 7*i - 5*v. Calculate the remainder when (-113)/(-3) - (-1)/3 is divided by i.
2
Let q(m) = m + 4. Suppose -4*a + 3*s = -71, -s - 75 = -5*a - 0*s. Calculate the remainder when q(a) is divided by 7.
4
Suppose 16 = -4*i + 8*i. Let p(z) = z + 1. Suppose 0 = -4*w - 2*g, -w = -2*w + 5*g + 22. Calculate the remainder when p(i) is divided by w.
1
Suppose -3*h = 2*h - 20. Suppose -h*c - 3*k = -293, 5*c + 0*k = -2*k + 375. Calculate the remainder when c is divided by 20.
17
Let l(p) = -p**2 - 4*p. Let y(z) = -z**2 - 6 + 4*z + 7*z**2 - 3*z**2 - z**2. What is the remainder when y(2) is divided by l(-2)?
2
Let h = 0 + -3. Let q(y) = -y**2 - 2*y + 3. Let o be q(h). Let k(s) = -s**3 + 15. What is the remainder when k(o) is divided by 6?
3
Let z(y) = 28*y - 2. Let s be z(2). Let d = -18 + s. Let r(p) = -p**2 + 99*p - 548. Calculate the remainder when d is divided by r(6).
6
Let u = -712 + 1141. What is the remainder when u is divided by 143?
0
Let b(g) = 2*g**2 + 50*g + 24. Calculate the remainder when 311 is divided by b(-25).
23
Let g = -167 + 203. What is the remainder when 141 is divided by g?
33
Suppose -336 = -3*g + 10*g. Let u = g + 57. Calculate the remainder when 25 is divided by u.
7
Let q(m) = -m + 16. Suppose f - 4*h = 15 - 3, 22 = 3*f - 5*h. Suppose -f*o = 3*r - 111, 2*r - 62 - 82 = -5*o. Calculate the remainder when o is divided by q(8).
6
What is the remainder when (-70)/((-2)/(-7) - (-63)/(-49)) is divided by 82/7 + 6/21?
10
Let p be 1 + (1 - 1) - 14. Let d = p - -22. Let i(z) = -27*z - 184. Calculate the remainder when d is divided by i(-7).
4
Suppose -5*h = -4*l - 309, -4*h + 5*l = -0*h - 240. Suppose -17*i = -h - 156. What is the remainder when i is divided by 8?
5
Suppose -3*m - 39 = -6*m. Suppose 0 = 16*d - 82*d + 2970. What is the remainder when d is divided by m?
6
Suppose -3*l + 42 = -15*f + 18*f, -f + 34 = 5*l. What is the remainder when 40 is divided by f?
4
Let a(c) = -7*c - 17. Let t be (-16)/3 + (-3)/(-9). Suppose -5*r + 0 = -25. Calculate the remainder when a(t) is divided by r.
3
Let q(u) = -u**3 - 6*u**2 - 6*u - 1. Let g be ((-70)/56)/(-1 - 10/(-8)). What is the remainder when 7 is divided by q(g)?
3
Let l = 188 - 172. Calculate the remainder when 153 is divided by l.
9
Let r(z) = -62*z**3 - z**2 + z + 1. Let m be r(-1). Let j = -31 + m. Let q(c) = 9*c**2 - 24*c - 1. What is the remainder when j is divided by q(3)?
6
Let f = -120 + 129. Suppose 2*w - 6*w - 2*a = -562, 0 = -2*w + 5*a + 299. What is the remainder when w is divided by f?
7
Suppose -2*f + 4*h = -12, -3*f - 3*h = f - 13. What is the remainder when (4/(-6))/(f/(-522)) is divided by 9?
6
Let z(h) = h**3 - 15*h**2 - 16*h + 4. Let b be z(16). What is the remainder when (-240)/(-4) + (b - 1) is divided by 25?
13
Let g be 10*(24/15)/4. What is the remainder when 8*(18/g - 1) is divided by (7 + -5)/6 - 88/(-6)?
13
Let d(z) = z**2 + 21*z - 33. Suppose 0*x - 5*q + 10 = -x, 2*x + 34 = 3*q. What is the remainder when ((-23)/(-4))/((-5)/x) is divided by d(-23)?
10
Suppose 5*r = 51 + 4. What is the remainder when (-56)/(-14) + -1 - (-146)/2 is divided by r?
10
Let v = -75 - -163. Calculate the remainder when v is divided by 27.
7
Let l = -13 - -60. Let t(q) = -q**2 + 3*q - 2. Let f(j) = -3*j**2 + 7*j - 5. Let z(i) = -2*f(i) + 5*t(i). What is the remainder when l is divided by z(-4)?
11
What is the remainder when 5*91*(-5 - (-108)/20) is divided by 62?
58
Let o(g) = g**2 - 3*g + 3*g - g - 8. Calculate the remainder when o(-5) is divided by 69/9 + (-2)/(-6).
6
Suppose -5*y + 87 - 2 = 0. Calculate the remainder when 184 is divided by y.
14
Let r(d) be the first derivative of d**2/2 + 14*d - 1. Let u be r(-6). Suppose 4*y = 8 + u. Calculate the remainder when 7 is divided by y.
3
Let y be -2 - (-1 - -17)*(-2 + 1). What is the remainder when (-1)/((2 - 0)/(-54)) is divided by 15/(-35) + 202/y?
13
Suppose -1755 = 4*y + 11*y. Let q = 159 + y. What is the remainder when 82 is divided by q?
40
Let v(t) = 2*t**2 + 9*t + 3. Let z be v(-6). Let q be 115/10 - ((-4)/8 + 0). Let n = z - q. Calculate the remainder when 32 is divided by n.
5
Suppose 29*x = -9*x + 684. What is the remainder when 125 is divided by x?
17
Suppose 14 = g + 2*g - i, -10 = -3*g + 5*i. Suppose g*a = 71 + 44. Calculate the remainder when a is divided by -2*((-380)/56 + (-18)/(-63)).
10
Let a(o) = o**3 - 7*o**2 + 5*o - 28. Suppose 4*f - 3*f - 26 = 0. Calculate the remainder when f is divided by a(7).
5
Suppose -3*c + 141 = 36. Let y = 109 - 58. Suppose -3*t = -3*i - y, -28 = 2*t - 4*t + 5*i. What is the remainder when c is divided by t?
16
Calculate the remainder when 7 - (1/(-2))/(18/(-36)) is divided by 2.
0
Let d = 402 + -312. What is the remainder when d is divided by 53?
37
Suppose 0 = 27*j - 19*j - 944. What